 divisor of 5151300 and 1320.
660
Calculate the highest common divisor of 407417 and 1046.
523
Calculate the greatest common divisor of 47082 and 1258824.
2478
What is the greatest common factor of 23003084 and 65?
13
What is the greatest common factor of 1023111 and 6936?
51
What is the greatest common factor of 120401925 and 1185?
1185
Calculate the highest common factor of 192 and 607206.
6
Calculate the greatest common factor of 94843056 and 6.
6
What is the highest common divisor of 18114 and 252?
6
Calculate the greatest common factor of 48743610 and 60.
30
Calculate the greatest common factor of 3900 and 2531000.
100
What is the greatest common divisor of 1614 and 6114?
6
What is the greatest common factor of 21518887 and 133?
19
What is the highest common divisor of 16194756 and 55363?
719
What is the greatest common divisor of 240 and 4830384?
48
What is the highest common factor of 2018028 and 2903181?
3021
What is the greatest common divisor of 342 and 18685968?
114
Calculate the highest common factor of 13365165 and 165.
165
Calculate the greatest common divisor of 108 and 22273884.
36
What is the greatest common factor of 16658 and 230?
2
What is the greatest common factor of 1393342044 and 12?
12
Calculate the highest common factor of 3285120875 and 125.
125
What is the greatest common divisor of 904311 and 1161?
27
Calculate the greatest common factor of 1078 and 10271954.
154
What is the highest common divisor of 1637314 and 510431?
1093
Calculate the highest common divisor of 23628256 and 736.
32
What is the highest common divisor of 81528 and 3084792?
1896
What is the highest common divisor of 5790270 and 60?
30
What is the greatest common factor of 1655880 and 4635?
15
Calculate the highest common factor of 2634692 and 3610.
38
What is the greatest common factor of 136200415 and 130?
65
Calculate the greatest common divisor of 1345397 and 4930.
493
What is the greatest common divisor of 4205 and 7642660?
145
What is the greatest common factor of 2193 and 1041589?
43
Calculate the greatest common factor of 669 and 13288347.
669
Calculate the greatest common factor of 432 and 341652996.
36
What is the highest common divisor of 64987434 and 16038?
1458
What is the greatest common divisor of 355399460 and 520?
260
Calculate the highest common divisor of 1252180 and 1060.
20
What is the greatest common divisor of 13982262 and 5678?
34
What is the greatest common divisor of 29363121 and 542?
271
Calculate the highest common divisor of 35466795 and 212940.
4095
Calculate the greatest common divisor of 6320 and 25903310.
790
What is the greatest common factor of 12880670 and 3553?
209
Calculate the greatest common divisor of 6998 and 1352164057.
3499
Calculate the highest common divisor of 84 and 7721644.
28
What is the highest common divisor of 1083638 and 62646?
106
Calculate the highest common divisor of 53421742 and 1023.
341
What is the highest common divisor of 1173 and 2740519?
391
Calculate the highest common factor of 382977 and 23247.
63
What is the greatest common factor of 2229579 and 462?
33
Calculate the greatest common factor of 505 and 1985.
5
Calculate the greatest common divisor of 870062385 and 75.
15
What is the highest common factor of 2070 and 148535334?
414
Calculate the highest common factor of 34935 and 61787.
137
Calculate the highest common divisor of 1742984 and 60648.
152
What is the highest common factor of 65072665 and 70?
35
What is the greatest common divisor of 44 and 31971236?
44
Calculate the highest common factor of 39 and 84258109.
13
What is the highest common divisor of 3255 and 669165?
105
Calculate the greatest common factor of 13059238 and 1139.
67
Calculate the greatest common factor of 21902 and 12504178.
466
What is the highest common factor of 1323028900 and 1273?
1273
Calculate the highest common factor of 1854930 and 113442.
3066
Calculate the highest common factor of 47526 and 6344988.
534
Calculate the greatest common factor of 40032432 and 36.
36
What is the highest common divisor of 281135 and 1770?
295
Calculate the greatest common factor of 7911008 and 3648.
32
What is the greatest common factor of 48991140 and 2497?
2497
What is the highest common divisor of 1835552 and 80?
16
Calculate the greatest common divisor of 134654 and 121797.
13
What is the highest common factor of 33802111 and 1372?
49
What is the greatest common divisor of 324 and 50034564?
108
Calculate the highest common divisor of 475255 and 7405337.
8641
Calculate the greatest common factor of 42772 and 886652.
1156
Calculate the greatest common factor of 346993824 and 3312.
1104
Calculate the highest common divisor of 1991160 and 376.
8
Calculate the greatest common divisor of 1551284 and 90440.
476
What is the greatest common factor of 106785440 and 753?
251
What is the highest common divisor of 575488 and 442856?
2248
Calculate the highest common divisor of 24059565 and 403.
31
What is the greatest common divisor of 63668 and 25?
1
Calculate the greatest common divisor of 19176560 and 13520.
1040
Calculate the greatest common factor of 14969768 and 77.
11
What is the highest common factor of 2156 and 239692222?
1078
What is the greatest common divisor of 201515 and 5412?
41
Calculate the highest common divisor of 317703480 and 8.
8
Calculate the greatest common divisor of 7946 and 1492369.
29
What is the highest common divisor of 12 and 72808332?
12
Calculate the highest common divisor of 48596984 and 76.
76
Calculate the greatest common divisor of 941400 and 36700.
100
Calculate the highest common divisor of 248302 and 997764.
2278
Calculate the greatest common factor of 70599 and 1032656.
233
What is the highest common divisor of 1660525 and 114300?
3175
What is the highest common divisor of 326272 and 1307637?
2549
Calculate the highest common factor of 122367 and 12516.
21
What is the highest common divisor of 20220183 and 36?
9
What is the highest common factor of 3687 and 6052825?
1229
What is the highest common divisor of 684 and 1585854?
342
Calculate the highest common factor of 1044 and 136566.
18
Calculate the greatest common divisor of 7850898 and 594.
594
What is the highest common divisor of 101248 and 413056?
896
What is the highest common factor of 52928352 and 336?
48
What is the highest common divisor of 18037976 and 426?
142
Calculate the greatest common divisor of 5397890 and 536190.
610
What is the greatest common factor of 714 and 250854856?
238
What is the greatest common divisor of 5643165 and 22?
11
Calculate the highest common divisor of 5535 and 1280745.
135
Calculate the greatest common divisor of 1596436 and 68204.
1156
What is the greatest common factor of 855800 and 514800?
2200
Calculate the highest common divisor of 11495254 and 245246.
5218
Calculate the greatest common factor of 1245145 and 55.
55
Calculate the highest common divisor of 23169 and 111.
3
Calculate the greatest common factor of 3675 and 2828775.
75
Calculate the highest common divisor of 1180 and 236713310.
590
What is the greatest common factor of 14322 and 216640710?
2046
What is the highest common divisor of 344945430 and 210?
30
Calculate the greatest common divisor of 42720 and 4370790.
2670
What is the highest common factor of 20654586 and 198648?
1602
Calculate the highest common divisor of 97056 and 3488.
32
What is the highest common divisor of 23478944 and 13348?
188
Calculate the greatest common divisor of 2 and 1381104.
2
What is the greatest common divisor of 108 and 52999092?
36
Calculate the greatest common factor of 137115 and 53184.
831
Calculate the greatest common divisor of 1267605 and 4590.
765
What is the highest common factor of 8346355 and 345?
115
What is the greatest common divisor of 15895 and 114295335?
935
What is the greatest common divisor of 33865 and 3562?
13
Calculate the highest common factor of 36588 and 71184.
12
Calculate the greatest common factor of 4 and 5177740.
4
Calculate the highest common factor of 844973430 and 23445.
7815
Calculate the greatest common factor of 893 and 2619451.
47
What is the highest common factor of 6320820 and 3925?
785
Calculate the highest common divisor of 25621708 and 122.
122
What is the highest common factor of 260 and 1864370?
10
Ca